{"id":17970,"date":"2025-01-29T11:53:07","date_gmt":"2025-01-29T10:53:07","guid":{"rendered":"http:\/\/discos.com\/index.php\/producto\/asesino-cristo-satanico-lp-vinilo-marble-ed-ltd\/"},"modified":"2025-01-29T11:53:07","modified_gmt":"2025-01-29T10:53:07","slug":"asesino-cristo-satanico-lp-vinilo-marble-ed-ltd","status":"publish","type":"product","link":"https:\/\/hellawaitsmag.com\/index.php\/producto\/asesino-cristo-satanico-lp-vinilo-marble-ed-ltd\/","title":{"rendered":"ASESINO &#8211; Cristo Sat\u00e1nico LP, Vinilo Marble, Ed. Ltd."},"content":{"rendered":"<p>ASESINO- Cristo Sat\u00e1nico\u00a0<\/p>\n<p>Death Metal\/Grindcore<\/p>\n<p>LP,\u00a0\u00c1lbum, Vinilo Marble 12&#8243;, Edici\u00f3n Limitada, Reedici\u00f3n.<\/p>\n<p>Publicado 2021,\u00a0Listenable Records<span class=\"MuiTypography-root MuiTypography-labelSmall css-1kybk0l\">\u00a0\u2013 POSH532.<\/span><\/p>\n<p><span>Edici\u00f3n Limitada a 100 copias en todo el mundo en Vinilo\u00a0Rojo Transparente\/Negro Marbled 12. Incluye 2 Bonus Tracks.<\/span><\/p>\n","protected":false},"excerpt":{"rendered":"<p>ASESINO- Cristo Sat\u00e1nico\u00a0<\/p>\n<p>Death Metal\/Grindcore<\/p>\n<p>LP,\u00a0\u00c1lbum, Vinilo Marble 12&#8243;, Edici\u00f3n Limitada, Reedici\u00f3n.<\/p><\/p>\n","protected":false},"featured_media":17966,"comment_status":"open","ping_status":"closed","template":"","meta":{"_joinchat":[]},"product_brand":[],"product_cat":[37,17,18],"product_tag":[105,88,344,7366,7365,62,99,93,59,55,2521,7367],"class_list":{"0":"post-17970","1":"product","2":"type-product","3":"status-publish","4":"has-post-thumbnail","6":"product_cat-vinilo-vinilo-inicio-2","7":"product_cat-inicio","8":"product_cat-vinilo","9":"product_tag-12-pulgadas","10":"product_tag-abstract-emotions","11":"product_tag-album","12":"product_tag-asesino","13":"product_tag-cristo-satanico","14":"product_tag-death-metal","15":"product_tag-edicion-limitada","16":"product_tag-lp","17":"product_tag-musica","18":"product_tag-vinilo","19":"product_tag-vinilo-marbled","20":"product_tag-vinilo-rojo-transparente-negro-m","22":"first","23":"instock","24":"shipping-taxable","25":"purchasable","26":"product-type-simple"},"jetpack_sharing_enabled":true,"_links":{"self":[{"href":"https:\/\/hellawaitsmag.com\/index.php\/wp-json\/wp\/v2\/product\/17970","targetHints":{"allow":["GET"]}}],"collection":[{"href":"https:\/\/hellawaitsmag.com\/index.php\/wp-json\/wp\/v2\/product"}],"about":[{"href":"https:\/\/hellawaitsmag.com\/index.php\/wp-json\/wp\/v2\/types\/product"}],"replies":[{"embeddable":true,"href":"https:\/\/hellawaitsmag.com\/index.php\/wp-json\/wp\/v2\/comments?post=17970"}],"wp:featuredmedia":[{"embeddable":true,"href":"https:\/\/hellawaitsmag.com\/index.php\/wp-json\/wp\/v2\/media\/17966"}],"wp:attachment":[{"href":"https:\/\/hellawaitsmag.com\/index.php\/wp-json\/wp\/v2\/media?parent=17970"}],"wp:term":[{"taxonomy":"product_brand","embeddable":true,"href":"https:\/\/hellawaitsmag.com\/index.php\/wp-json\/wp\/v2\/product_brand?post=17970"},{"taxonomy":"product_cat","embeddable":true,"href":"https:\/\/hellawaitsmag.com\/index.php\/wp-json\/wp\/v2\/product_cat?post=17970"},{"taxonomy":"product_tag","embeddable":true,"href":"https:\/\/hellawaitsmag.com\/index.php\/wp-json\/wp\/v2\/product_tag?post=17970"}],"curies":[{"name":"wp","href":"https:\/\/api.w.org\/{rel}","templated":true}]}}