{"id":17904,"date":"2025-01-24T12:05:30","date_gmt":"2025-01-24T11:05:30","guid":{"rendered":"http:\/\/discos.com\/index.php\/producto\/dissolving-of-prodigy-louceni-se-svetem-pozemskym-lp-vinilo-negro\/"},"modified":"2025-01-24T12:05:30","modified_gmt":"2025-01-24T11:05:30","slug":"dissolving-of-prodigy-louceni-se-svetem-pozemskym-lp-vinilo-negro","status":"publish","type":"product","link":"https:\/\/hellawaitsmag.com\/index.php\/producto\/dissolving-of-prodigy-louceni-se-svetem-pozemskym-lp-vinilo-negro\/","title":{"rendered":"DISSOLVING OF PRODIGY &#8211; Lou\u010den\u00ed Se Sv\u011btem Pozemsk\u00fdm LP, Vinilo Negro"},"content":{"rendered":"<p>DISSOLVING OF PRODIGY &#8211;\u00a0Lou\u010den\u00ed Se Sv\u011btem Pozemsk\u00fdm\u00a0<\/p>\n<p>Doom Metal<\/p>\n<p>LP, \u00c1lbum, Vinilo Negro 12&#8243;, Reedici\u00f3n.<\/p>\n<p>Publicado 2024,\u00a0Pa\u0159\u00e1t Productions<span class=\"MuiTypography-root MuiTypography-labelSmall css-lludyt\">\u00a0\u2013 PP 123.<\/span><\/p>\n<\/p>\n<div class=\"format_3yO6t\">\n<div class=\"label_2GDTZ\"><\/div>\n<\/p><\/div>\n<div class=\"lineitem_2U49R\"><\/div>\n","protected":false},"excerpt":{"rendered":"<p>DISSOLVING OF PRODIGY &#8211;\u00a0Lou\u010den\u00ed Se Sv\u011btem Pozemsk\u00fdm\u00a0<\/p>\n<p>Doom Metal<\/p>\n<p>LP, \u00c1lbum, Vinilo Negro 12&#8243;, Reedici\u00f3n.<\/p>\n","protected":false},"featured_media":17901,"comment_status":"open","ping_status":"closed","template":"","meta":{"_joinchat":[]},"product_brand":[],"product_cat":[37,17,18],"product_tag":[105,88,344,2225,206,6674,93,59,89,55,94],"class_list":{"0":"post-17904","1":"product","2":"type-product","3":"status-publish","4":"has-post-thumbnail","6":"product_cat-vinilo-vinilo-inicio-2","7":"product_cat-inicio","8":"product_cat-vinilo","9":"product_tag-12-pulgadas","10":"product_tag-abstract-emotions","11":"product_tag-album","12":"product_tag-dissolving-of-prodigy","13":"product_tag-doom-metal","14":"product_tag-louceni-se-svetem-pozemskym","15":"product_tag-lp","16":"product_tag-musica","17":"product_tag-reedicion","18":"product_tag-vinilo","19":"product_tag-vinilo-negro","21":"first","22":"instock","23":"shipping-taxable","24":"purchasable","25":"product-type-simple"},"jetpack_sharing_enabled":true,"_links":{"self":[{"href":"https:\/\/hellawaitsmag.com\/index.php\/wp-json\/wp\/v2\/product\/17904","targetHints":{"allow":["GET"]}}],"collection":[{"href":"https:\/\/hellawaitsmag.com\/index.php\/wp-json\/wp\/v2\/product"}],"about":[{"href":"https:\/\/hellawaitsmag.com\/index.php\/wp-json\/wp\/v2\/types\/product"}],"replies":[{"embeddable":true,"href":"https:\/\/hellawaitsmag.com\/index.php\/wp-json\/wp\/v2\/comments?post=17904"}],"wp:featuredmedia":[{"embeddable":true,"href":"https:\/\/hellawaitsmag.com\/index.php\/wp-json\/wp\/v2\/media\/17901"}],"wp:attachment":[{"href":"https:\/\/hellawaitsmag.com\/index.php\/wp-json\/wp\/v2\/media?parent=17904"}],"wp:term":[{"taxonomy":"product_brand","embeddable":true,"href":"https:\/\/hellawaitsmag.com\/index.php\/wp-json\/wp\/v2\/product_brand?post=17904"},{"taxonomy":"product_cat","embeddable":true,"href":"https:\/\/hellawaitsmag.com\/index.php\/wp-json\/wp\/v2\/product_cat?post=17904"},{"taxonomy":"product_tag","embeddable":true,"href":"https:\/\/hellawaitsmag.com\/index.php\/wp-json\/wp\/v2\/product_tag?post=17904"}],"curies":[{"name":"wp","href":"https:\/\/api.w.org\/{rel}","templated":true}]}}