{"id":17715,"date":"2025-01-14T10:20:27","date_gmt":"2025-01-14T09:20:27","guid":{"rendered":"http:\/\/discos.com\/index.php\/producto\/dvin-townsend-terria-2lp-vinilo-negro\/"},"modified":"2025-01-14T10:20:27","modified_gmt":"2025-01-14T09:20:27","slug":"dvin-townsend-terria-2lp-vinilo-negro","status":"publish","type":"product","link":"https:\/\/hellawaitsmag.com\/index.php\/producto\/dvin-townsend-terria-2lp-vinilo-negro\/","title":{"rendered":"DEVIN TOWNSEND &#8211; Terria 2LP, Vinilo Negro"},"content":{"rendered":"<p>DEVIN TOWNSEND &#8211; Terria<\/p>\n<p>Prog Rock\/Ambient\/Progressive Metal<\/p>\n<p>2LP, \u00c1lbum,\u00a0Vinilo Negro 12&#8243;, Reedici\u00f3n, Remasterizado, Gatefold.<\/p>\n<p>Publicado\u00a02024, Inside Out Music<span class=\"MuiTypography-root MuiTypography-labelSmall css-1kybk0l\">\u00a0\u2013 IOM716<\/span><span>,\u00a0<\/span>Sony Music<span class=\"MuiTypography-root MuiTypography-labelSmall css-1kybk0l\">\u00a0\u2013 19658886411<\/span><span class=\"MuiTypography-root MuiTypography-labelSmall css-1kybk0l\"><span>.\u00a0<\/span><\/span><\/p>\n<p>Edici\u00f3n en Doble Vinilo Negro 12&#8243;, 180 gramos.\u00a0Presentado en Gatefold. Incluye Booklet de 8 p\u00e1ginas que incluye notas de Devin (as\u00ed como fotos de archivo de la \u00e9poca).<\/p>\n","protected":false},"excerpt":{"rendered":"<p>DEVIN TOWNSEND &#8211; Terria<\/p>\n<p>Prog Rock\/Ambient\/Progressive Metal<\/p>\n<p>2LP, \u00c1lbum,\u00a0Vinilo Negro 12&#8243;, Reedici\u00f3n, Remasterizado, Gatefold.<\/p>\n","protected":false},"featured_media":17713,"comment_status":"open","ping_status":"closed","template":"","meta":{"_joinchat":[]},"product_brand":[],"product_cat":[40,17,18],"product_tag":[105,1155,88,344,182,7307,388,93,59,343,1412,89,1618,7306,55,2406,94],"class_list":{"0":"post-17715","1":"product","2":"type-product","3":"status-publish","4":"has-post-thumbnail","6":"product_cat-vinilo-vinilo-inicio-3","7":"product_cat-inicio","8":"product_cat-vinilo","9":"product_tag-12-pulgadas","10":"product_tag-2lp","11":"product_tag-abstract-emotions","12":"product_tag-album","13":"product_tag-ambient","14":"product_tag-devin-townsend","15":"product_tag-gatefold","16":"product_tag-lp","17":"product_tag-musica","18":"product_tag-prog-rock","19":"product_tag-progressive-metal","20":"product_tag-reedicion","21":"product_tag-remasterizado","22":"product_tag-terria","23":"product_tag-vinilo","24":"product_tag-vinilo-180-gramos","25":"product_tag-vinilo-negro","27":"first","28":"instock","29":"shipping-taxable","30":"purchasable","31":"product-type-simple"},"jetpack_sharing_enabled":true,"_links":{"self":[{"href":"https:\/\/hellawaitsmag.com\/index.php\/wp-json\/wp\/v2\/product\/17715","targetHints":{"allow":["GET"]}}],"collection":[{"href":"https:\/\/hellawaitsmag.com\/index.php\/wp-json\/wp\/v2\/product"}],"about":[{"href":"https:\/\/hellawaitsmag.com\/index.php\/wp-json\/wp\/v2\/types\/product"}],"replies":[{"embeddable":true,"href":"https:\/\/hellawaitsmag.com\/index.php\/wp-json\/wp\/v2\/comments?post=17715"}],"wp:featuredmedia":[{"embeddable":true,"href":"https:\/\/hellawaitsmag.com\/index.php\/wp-json\/wp\/v2\/media\/17713"}],"wp:attachment":[{"href":"https:\/\/hellawaitsmag.com\/index.php\/wp-json\/wp\/v2\/media?parent=17715"}],"wp:term":[{"taxonomy":"product_brand","embeddable":true,"href":"https:\/\/hellawaitsmag.com\/index.php\/wp-json\/wp\/v2\/product_brand?post=17715"},{"taxonomy":"product_cat","embeddable":true,"href":"https:\/\/hellawaitsmag.com\/index.php\/wp-json\/wp\/v2\/product_cat?post=17715"},{"taxonomy":"product_tag","embeddable":true,"href":"https:\/\/hellawaitsmag.com\/index.php\/wp-json\/wp\/v2\/product_tag?post=17715"}],"curies":[{"name":"wp","href":"https:\/\/api.w.org\/{rel}","templated":true}]}}