{"id":17591,"date":"2024-12-19T10:01:21","date_gmt":"2024-12-19T09:01:21","guid":{"rendered":"http:\/\/discos.com\/index.php\/producto\/pitchshifter-industrial-lp-vinilo-negro\/"},"modified":"2024-12-19T10:01:21","modified_gmt":"2024-12-19T09:01:21","slug":"pitchshifter-industrial-lp-vinilo-negro","status":"publish","type":"product","link":"https:\/\/hellawaitsmag.com\/index.php\/producto\/pitchshifter-industrial-lp-vinilo-negro\/","title":{"rendered":"PITCHSHIFTER &#8211; Industrial LP, Vinilo Negro"},"content":{"rendered":"<p>PITCHSHIFTER &#8211; Industrial<\/p>\n<p>Death Metal\/Industrial\/Heavy Metal<\/p>\n<p>LP, \u00c1lbum, Vinilo Negro 12&#8243;, Reedici\u00f3n, Remasterizado, Edici\u00f3n 30\u00a0Aniversario.<\/p>\n<p>Publicado 2021,\u00a0Peaceville<span class=\"MuiTypography-root MuiTypography-labelSmall css-1kybk0l\">\u00a0\u2013 <span>VILELP887<\/span>.<\/span><\/p>\n<p><span class=\"MuiTypography-root MuiTypography-labelSmall css-1kybk0l\">Edici\u00f3n 30 Aniversario en Vinilo Negro 12&#8243;, 180 gramos.<\/span><\/p>\n","protected":false},"excerpt":{"rendered":"<p>PITCHSHIFTER &#8211; Industrial<\/p>\n<p>Death Metal\/Industrial\/Heavy Metal<\/p>\n<p>LP, \u00c1lbum, Vinilo Negro 12&#8243;, Reedici\u00f3n, Remasterizado, Edici\u00f3n 30 Aniversario.<\/p>\n","protected":false},"featured_media":17587,"comment_status":"open","ping_status":"closed","template":"","meta":{"_joinchat":[]},"product_brand":[],"product_cat":[37,18],"product_tag":[105,88,344,83,62,128,6932,93,59,123,7284,89,1618,55,94],"class_list":{"0":"post-17591","1":"product","2":"type-product","3":"status-publish","4":"has-post-thumbnail","6":"product_cat-vinilo-vinilo-inicio-2","7":"product_cat-vinilo","8":"product_tag-12-pulgadas","9":"product_tag-abstract-emotions","10":"product_tag-album","11":"product_tag-black-metal","12":"product_tag-death-metal","13":"product_tag-heavy-metal","14":"product_tag-industrail","15":"product_tag-lp","16":"product_tag-musica","17":"product_tag-mysticum","18":"product_tag-pitchshifter","19":"product_tag-reedicion","20":"product_tag-remasterizado","21":"product_tag-vinilo","22":"product_tag-vinilo-negro","24":"first","25":"instock","26":"shipping-taxable","27":"purchasable","28":"product-type-simple"},"jetpack_sharing_enabled":true,"_links":{"self":[{"href":"https:\/\/hellawaitsmag.com\/index.php\/wp-json\/wp\/v2\/product\/17591","targetHints":{"allow":["GET"]}}],"collection":[{"href":"https:\/\/hellawaitsmag.com\/index.php\/wp-json\/wp\/v2\/product"}],"about":[{"href":"https:\/\/hellawaitsmag.com\/index.php\/wp-json\/wp\/v2\/types\/product"}],"replies":[{"embeddable":true,"href":"https:\/\/hellawaitsmag.com\/index.php\/wp-json\/wp\/v2\/comments?post=17591"}],"wp:featuredmedia":[{"embeddable":true,"href":"https:\/\/hellawaitsmag.com\/index.php\/wp-json\/wp\/v2\/media\/17587"}],"wp:attachment":[{"href":"https:\/\/hellawaitsmag.com\/index.php\/wp-json\/wp\/v2\/media?parent=17591"}],"wp:term":[{"taxonomy":"product_brand","embeddable":true,"href":"https:\/\/hellawaitsmag.com\/index.php\/wp-json\/wp\/v2\/product_brand?post=17591"},{"taxonomy":"product_cat","embeddable":true,"href":"https:\/\/hellawaitsmag.com\/index.php\/wp-json\/wp\/v2\/product_cat?post=17591"},{"taxonomy":"product_tag","embeddable":true,"href":"https:\/\/hellawaitsmag.com\/index.php\/wp-json\/wp\/v2\/product_tag?post=17591"}],"curies":[{"name":"wp","href":"https:\/\/api.w.org\/{rel}","templated":true}]}}