{"id":17532,"date":"2024-12-12T13:49:26","date_gmt":"2024-12-12T12:49:26","guid":{"rendered":"http:\/\/discos.com\/index.php\/producto\/autopsy-critical-madness-the-demo-years-lp-vinilo-negro\/"},"modified":"2024-12-12T13:49:26","modified_gmt":"2024-12-12T12:49:26","slug":"autopsy-critical-madness-the-demo-years-lp-vinilo-negro","status":"publish","type":"product","link":"https:\/\/hellawaitsmag.com\/index.php\/producto\/autopsy-critical-madness-the-demo-years-lp-vinilo-negro\/","title":{"rendered":"AUTOPSY &#8211; Critical Madness: The Demo Years LP, Vinilo Negro"},"content":{"rendered":"<p>AUTOPSY &#8211;\u00a0Critical Madness: The Demo Years<\/p>\n<p>Death Metal<\/p>\n<p>LP, \u00c1lbum, Recopilatorio, Vinilo Negro 12&#8243;.<\/p>\n<p>Publicado 2018, Peaceville\u00a0\u2013\u00a0VILELP653.<\/p>\n<p>Edici\u00f3n en Vinilo Negro 12&#8243;.<span>Esta edici\u00f3n en vinilo del \u00e1lbum viene en vinilo negro est\u00e1ndar en una sola funda impresa con notas.<\/span><\/p>\n<p><span><span>Este lanzamiento especial de archivo se completa con la rara canci\u00f3n Christ Denied y una selecci\u00f3n de grabaciones de ensayos en bruto de 1987 y 1988, la mayor\u00eda de las cuales luego aparecer\u00edan en el debut de estudio de la banda.<\/span><\/span><\/p><\/p>\n","protected":false},"excerpt":{"rendered":"<p>AUTOPSY &#8211;\u00a0Critical Madness: The Demo Years<\/p>\n<p>Death Metal<\/p>\n<p>LP, \u00c1lbum, Recopilatorio, Vinilo Negro 12&#8243;.<\/p>\n","protected":false},"featured_media":17529,"comment_status":"open","ping_status":"closed","template":"","meta":{"_joinchat":[]},"product_brand":[],"product_cat":[37,17,18],"product_tag":[105,88,344,277,7269,62,93,59,271,89,7266,55,94],"class_list":{"0":"post-17532","1":"product","2":"type-product","3":"status-publish","4":"has-post-thumbnail","6":"product_cat-vinilo-vinilo-inicio-2","7":"product_cat-inicio","8":"product_cat-vinilo","9":"product_tag-12-pulgadas","10":"product_tag-abstract-emotions","11":"product_tag-album","12":"product_tag-autopsy","13":"product_tag-critical-madness-the-demo-years","14":"product_tag-death-metal","15":"product_tag-lp","16":"product_tag-musica","17":"product_tag-recopilatorio","18":"product_tag-reedicion","19":"product_tag-skull-grinder","20":"product_tag-vinilo","21":"product_tag-vinilo-negro","23":"first","24":"outofstock","25":"shipping-taxable","26":"purchasable","27":"product-type-simple"},"jetpack_sharing_enabled":true,"_links":{"self":[{"href":"https:\/\/hellawaitsmag.com\/index.php\/wp-json\/wp\/v2\/product\/17532","targetHints":{"allow":["GET"]}}],"collection":[{"href":"https:\/\/hellawaitsmag.com\/index.php\/wp-json\/wp\/v2\/product"}],"about":[{"href":"https:\/\/hellawaitsmag.com\/index.php\/wp-json\/wp\/v2\/types\/product"}],"replies":[{"embeddable":true,"href":"https:\/\/hellawaitsmag.com\/index.php\/wp-json\/wp\/v2\/comments?post=17532"}],"wp:featuredmedia":[{"embeddable":true,"href":"https:\/\/hellawaitsmag.com\/index.php\/wp-json\/wp\/v2\/media\/17529"}],"wp:attachment":[{"href":"https:\/\/hellawaitsmag.com\/index.php\/wp-json\/wp\/v2\/media?parent=17532"}],"wp:term":[{"taxonomy":"product_brand","embeddable":true,"href":"https:\/\/hellawaitsmag.com\/index.php\/wp-json\/wp\/v2\/product_brand?post=17532"},{"taxonomy":"product_cat","embeddable":true,"href":"https:\/\/hellawaitsmag.com\/index.php\/wp-json\/wp\/v2\/product_cat?post=17532"},{"taxonomy":"product_tag","embeddable":true,"href":"https:\/\/hellawaitsmag.com\/index.php\/wp-json\/wp\/v2\/product_tag?post=17532"}],"curies":[{"name":"wp","href":"https:\/\/api.w.org\/{rel}","templated":true}]}}