{"id":17489,"date":"2024-12-11T13:14:26","date_gmt":"2024-12-11T12:14:26","guid":{"rendered":"http:\/\/discos.com\/index.php\/producto\/isengard-varjevndogn-lp-vinilo-negro\/"},"modified":"2024-12-11T13:14:26","modified_gmt":"2024-12-11T12:14:26","slug":"isengard-varjevndogn-lp-vinilo-negro","status":"publish","type":"product","link":"https:\/\/hellawaitsmag.com\/index.php\/producto\/isengard-varjevndogn-lp-vinilo-negro\/","title":{"rendered":"ISENGARD &#8211; V\u00e5rjevnd\u00f8gn LP, Vinilo Negro"},"content":{"rendered":"<p>ISENGARD &#8211; V\u00e5rjevnd\u00f8gn<\/p>\n<p>Heavy Metal\/Thrash\/Doom Metal\/Black Metal<\/p>\n<p>LP, \u00c1lbum,\u00a0Vinilo Negro 12&#8243;.<\/p>\n<p>Publicado 2020,\u00a0Peaceville<span>\u00a0\u2013 <span>VILELP876<\/span>.<\/span><\/p>\n<p>Edici\u00f3n en Vinilo Negro 12&#8243;, 180 gramos. Con funda interior con im\u00e1genes, notas y letras de la pista B1.<\/p>\n","protected":false},"excerpt":{"rendered":"<p>ISENGARD &#8211; V\u00e5rjevnd\u00f8gn<\/p>\n<p>Heavy Metal\/Thrash\/Doom Metal\/Black Metal<\/p>\n<p>LP, \u00c1lbum,\u00a0Vinilo Negro 12&#8243;.<\/p><\/p>\n","protected":false},"featured_media":17485,"comment_status":"open","ping_status":"closed","template":"","meta":{"_joinchat":[]},"product_brand":[],"product_cat":[37,17,18],"product_tag":[105,88,344,83,62,206,128,347,93,59,1044,70,5278,55,2406,94],"class_list":{"0":"post-17489","1":"product","2":"type-product","3":"status-publish","4":"has-post-thumbnail","6":"product_cat-vinilo-vinilo-inicio-2","7":"product_cat-inicio","8":"product_cat-vinilo","9":"product_tag-12-pulgadas","10":"product_tag-abstract-emotions","11":"product_tag-album","12":"product_tag-black-metal","13":"product_tag-death-metal","14":"product_tag-doom-metal","15":"product_tag-heavy-metal","16":"product_tag-isengard","17":"product_tag-lp","18":"product_tag-musica","19":"product_tag-peaceville","20":"product_tag-thrash","21":"product_tag-varjevndogn","22":"product_tag-vinilo","23":"product_tag-vinilo-180-gramos","24":"product_tag-vinilo-negro","26":"first","27":"instock","28":"shipping-taxable","29":"purchasable","30":"product-type-simple"},"jetpack_sharing_enabled":true,"_links":{"self":[{"href":"https:\/\/hellawaitsmag.com\/index.php\/wp-json\/wp\/v2\/product\/17489","targetHints":{"allow":["GET"]}}],"collection":[{"href":"https:\/\/hellawaitsmag.com\/index.php\/wp-json\/wp\/v2\/product"}],"about":[{"href":"https:\/\/hellawaitsmag.com\/index.php\/wp-json\/wp\/v2\/types\/product"}],"replies":[{"embeddable":true,"href":"https:\/\/hellawaitsmag.com\/index.php\/wp-json\/wp\/v2\/comments?post=17489"}],"wp:featuredmedia":[{"embeddable":true,"href":"https:\/\/hellawaitsmag.com\/index.php\/wp-json\/wp\/v2\/media\/17485"}],"wp:attachment":[{"href":"https:\/\/hellawaitsmag.com\/index.php\/wp-json\/wp\/v2\/media?parent=17489"}],"wp:term":[{"taxonomy":"product_brand","embeddable":true,"href":"https:\/\/hellawaitsmag.com\/index.php\/wp-json\/wp\/v2\/product_brand?post=17489"},{"taxonomy":"product_cat","embeddable":true,"href":"https:\/\/hellawaitsmag.com\/index.php\/wp-json\/wp\/v2\/product_cat?post=17489"},{"taxonomy":"product_tag","embeddable":true,"href":"https:\/\/hellawaitsmag.com\/index.php\/wp-json\/wp\/v2\/product_tag?post=17489"}],"curies":[{"name":"wp","href":"https:\/\/api.w.org\/{rel}","templated":true}]}}