{"id":17311,"date":"2024-11-28T10:54:19","date_gmt":"2024-11-28T09:54:19","guid":{"rendered":"http:\/\/discos.com\/index.php\/producto\/the-crown-hell-is-here-lp-vinilo-naranja-rojo-marbled-ed-ltd-numerada\/"},"modified":"2024-11-28T10:54:19","modified_gmt":"2024-11-28T09:54:19","slug":"the-crown-hell-is-here-lp-vinilo-naranja-rojo-marbled-ed-ltd-numerada","status":"publish","type":"product","link":"https:\/\/hellawaitsmag.com\/index.php\/producto\/the-crown-hell-is-here-lp-vinilo-naranja-rojo-marbled-ed-ltd-numerada\/","title":{"rendered":"THE CROWN &#8211; Hell Is Here LP, Vinilo Naranja &#038; Rojo Marbled, Ed. Ltd. Numerada"},"content":{"rendered":"<p>THE CROWN &#8211;\u00a0Hell Is Here<\/p>\n<p>Death\u00a0Metal<\/p>\n<p>LP, \u00c1lbum, Vinilo Naranja &amp; Rojo Marbled 12&#8243;, Edici\u00f3n Limitada Numerada, Reedici\u00f3n.<\/p>\n<p>Publicado\u00a02017, Metal Blade Records-<span>3984-14193-1<\/span>.<\/p>\n<p>Edici\u00f3n Numerada Limitada 300 copias en\u00a0Vinilo Naranja &amp; Rojo Marbled 12&#8243;. Incluye Insert y P\u00f3ster a doble cara de 60 x 60 cm.<\/p>\n","protected":false},"excerpt":{"rendered":"<p>THE CROWN &#8211;\u00a0Hell Is Here<\/p>\n<p>Death\u00a0Metal<\/p>\n<p>LP, \u00c1lbum, Vinilo Naranja &amp; Rojo Marbled 12&#8243;, Edici\u00f3n Limitada Numerada, Reedici\u00f3n.<\/p>\n","protected":false},"featured_media":17307,"comment_status":"open","ping_status":"closed","template":"","meta":{"_joinchat":[]},"product_brand":[],"product_cat":[37,17,18],"product_tag":[105,88,344,62,908,7222,93,59,89,4971,55,2521,5188],"class_list":{"0":"post-17311","1":"product","2":"type-product","3":"status-publish","4":"has-post-thumbnail","6":"product_cat-vinilo-vinilo-inicio-2","7":"product_cat-inicio","8":"product_cat-vinilo","9":"product_tag-12-pulgadas","10":"product_tag-abstract-emotions","11":"product_tag-album","12":"product_tag-death-metal","13":"product_tag-edicion-limitada-numerada","14":"product_tag-hell-is-here","15":"product_tag-lp","16":"product_tag-musica","17":"product_tag-reedicion","18":"product_tag-the-crown","19":"product_tag-vinilo","20":"product_tag-vinilo-marbled","21":"product_tag-vinilo-naranja-rojo-marbled","23":"first","24":"instock","25":"shipping-taxable","26":"purchasable","27":"product-type-simple"},"jetpack_sharing_enabled":true,"_links":{"self":[{"href":"https:\/\/hellawaitsmag.com\/index.php\/wp-json\/wp\/v2\/product\/17311","targetHints":{"allow":["GET"]}}],"collection":[{"href":"https:\/\/hellawaitsmag.com\/index.php\/wp-json\/wp\/v2\/product"}],"about":[{"href":"https:\/\/hellawaitsmag.com\/index.php\/wp-json\/wp\/v2\/types\/product"}],"replies":[{"embeddable":true,"href":"https:\/\/hellawaitsmag.com\/index.php\/wp-json\/wp\/v2\/comments?post=17311"}],"wp:featuredmedia":[{"embeddable":true,"href":"https:\/\/hellawaitsmag.com\/index.php\/wp-json\/wp\/v2\/media\/17307"}],"wp:attachment":[{"href":"https:\/\/hellawaitsmag.com\/index.php\/wp-json\/wp\/v2\/media?parent=17311"}],"wp:term":[{"taxonomy":"product_brand","embeddable":true,"href":"https:\/\/hellawaitsmag.com\/index.php\/wp-json\/wp\/v2\/product_brand?post=17311"},{"taxonomy":"product_cat","embeddable":true,"href":"https:\/\/hellawaitsmag.com\/index.php\/wp-json\/wp\/v2\/product_cat?post=17311"},{"taxonomy":"product_tag","embeddable":true,"href":"https:\/\/hellawaitsmag.com\/index.php\/wp-json\/wp\/v2\/product_tag?post=17311"}],"curies":[{"name":"wp","href":"https:\/\/api.w.org\/{rel}","templated":true}]}}